+ 1 + 28/(-20))*-165. Suppose -i - 2*i = -p. What is the units digit of i?
2
Let h(z) = 66*z - 35. What is the tens digit of h(9)?
5
What is the units digit of ((-53020)/(-176) - 6/(-8)) + -1?
1
Suppose 3*w = -d + 8, -3*d + 55 - 15 = w. Suppose a = 2*g + 38 - d, a + 2*g = 20. What is the tens digit of a?
2
Let i(s) be the first derivative of -s**4/4 - 14*s**3/3 + 3*s**2 + 15*s + 25. What is the hundreds digit of i(-15)?
1
What is the tens digit of (-361*1/(-3))/((-9)/(-162))?
6
Let p(t) = -20*t - 13. Let y = 68 - 78. What is the hundreds digit of p(y)?
1
Suppose -274 = -0*s + 2*s + 2*f, -2*s + 2*f = 278. Let i = 219 + s. What is the units digit of i?
1
Let n be (-6)/18 - (-20)/6. Suppose -18 = n*t - 2*o, 17 = -2*t + 3*o + 5. Let m(w) = -w. What is the units digit of m(t)?
6
Let f(k) = -47*k - 62. What is the hundreds digit of f(-7)?
2
Suppose 4*u - u + 5 = -2*t, 0 = -5*t - 2*u - 7. Let l = t + 5. Let k = l + 7. What is the units digit of k?
1
Let w be 264/(-18)*(-36)/8. Suppose w - 61 = 5*b. What is the units digit of b?
1
Let d be 2*(-6)/(-4) - -11. Let b be (4/d)/(12/84). Suppose -2*j + 34 = -0*j + b*y, 4*j - 43 = y. What is the tens digit of j?
1
Let g be (8 - 0)/((-6)/(-3)). Suppose g*c + 124 = -100. Let p = c + 79. What is the units digit of p?
3
Let n = 2583 + -1362. What is the hundreds digit of n?
2
Let x(s) = -s**3 + 7*s**2 + 3*s - 4. Let q be x(8). Let v = 77 + q. What is the tens digit of v?
3
Suppose 38 + 121 = 3*b. Suppose 5*d - b - 107 = 0. What is the units digit of d?
2
Suppose 0 = -4*s + 870 - 230. Suppose 2*k - 2*h = 50, -2*k + 7*k - s = -2*h. What is the tens digit of k?
3
Let n = 4 + -5. What is the units digit of -81*((-8)/(-3))/n?
6
Let j(f) = 104*f**2 - 41*f - 91. What is the tens digit of j(-6)?
9
Let g(t) = 9*t + 4. Let p be g(8). Suppose p = x - 5*b, 2*x = 2*b - 3*b + 108. What is the tens digit of x?
5
Let v be (-10 + 14)*-5*(-2)/4. Suppose v*h + 3*h = 1833. What is the tens digit of h?
4
Suppose 8126 - 198848 = -114*w. What is the units digit of w?
3
Let o be (1 - 2)*(2 + -4). Suppose -3*f - o = 13. What is the units digit of (-6 - f)/(2/(-6))?
3
Let n = 41 + -37. What is the units digit of (120/(-25))/(n/(-30))?
6
Let f(n) = -25*n - 223. What is the tens digit of f(-61)?
0
Let p(s) = s**2 - 4*s + 9. Let o be p(3). What is the units digit of (-12)/8*(-292)/o?
3
Suppose 3*a = -a - 2*w + 1028, -a + 262 = 3*w. What is the hundreds digit of a?
2
Suppose 3*i = -132 + 93. Let t = -4 - -2. Let o = t - i. What is the tens digit of o?
1
Suppose 1371 + 105 = 12*w. What is the units digit of w?
3
Suppose 5 = 4*s + 5*k - 5, 0 = 2*s + 4*k - 2. What is the units digit of (-71 - s)*2/(-4)?
8
Suppose j - 563 = 509. Suppose -8*l = -0*l - j. What is the tens digit of l?
3
Let r be 3/(-2 + 26/16). Let h be 63/(2*(-4)/r). Let m = -30 + h. What is the tens digit of m?
3
Let m(l) = 82*l + 329. What is the units digit of m(10)?
9
Suppose 21*d - 25*d - 8 = 0. Let u be (d/4)/((-2)/(-4)). Let q = u + 48. What is the units digit of q?
7
Let j be (-2)/(-5) + (-1572)/(-20). Suppose -j = -t - 4. Suppose g = -4*r + t, 0*r = 4*r + 3*g - 81. What is the units digit of r?
8
Let t(v) = -206*v - 446. What is the units digit of t(-6)?
0
Suppose -74*z - 251 = -75*z. What is the tens digit of z?
5
Let v(l) be the third derivative of l**7/2520 + l**6/180 - l**5/60 + l**2. Let i(b) be the third derivative of v(b). What is the units digit of i(0)?
4
Suppose 0 = 3*o + v - 12, 6*o - v = o + 12. Suppose 3*s = o, -u + 4*u = 5*s - 32. Let i = u + 16. What is the units digit of i?
7
Suppose -2*y + 3*y - 65 = -5*w, 14 = 2*w - 2*y. What is the units digit of (1044/w)/((-5)/3 - -2)?
1
Let n(x) be the third derivative of -x**5/60 + 35*x**3/3 - 15*x**2. What is the units digit of n(0)?
0
Suppose 230 + 220 = -5*m. Let l be (5/(-15))/(2/m). Suppose 5*t - 105 = -l. What is the tens digit of t?
1
Suppose 0*c + 3704 = 4*c. Let u = c - 582. What is the hundreds digit of u?
3
Let u = 284 - 140. Suppose -5*o + o = -u. Suppose 7*q = 2*q + 5*v + 115, 0 = 2*q + 3*v - o. What is the tens digit of q?
2
Let f(d) = -59*d + 4. Let i(n) = -n**2 - 7*n - 7. Let o be i(-6). What is the units digit of f(o)?
3
Let d = 46 - 23. Let o = d - 34. Let n = 2 - o. What is the units digit of n?
3
Let z(q) = -q**3 + 8*q**2 + 4. Let m be z(8). Let c be 7/(-28) - (-17)/m. Suppose c*t + 20 = 5*t. What is the units digit of t?
0
Suppose 0 + 7 = b. What is the tens digit of (b/2 + -4)*-60?
3
Let j = -481 - -801. What is the tens digit of (5/4)/(8/j)?
5
What is the tens digit of (12/(-10))/(72/(-24300))?
0
Let p = 24 - 30. What is the units digit of 9*(4/p - -2)?
2
Let u = 18 - 13. Suppose 3*g - 4*s - 31 = 0, 3*g + 18 = u*g - 2*s. Suppose 30 = g*w - 2*w. What is the units digit of w?
0
Suppose 0 = 5*j + b + 643, 8*b = 6*b - 6. Let g = j + 175. What is the units digit of g?
7
Suppose k - 23 = g - 11, -2*g = 5*k - 74. What is the tens digit of k?
1
Suppose 15*w = 8*w + 11256. What is the thousands digit of w?
1
Suppose 0 = 2*j - 0*j + 5*a + 102, 0 = 2*a. What is the tens digit of (-3)/2*2890/j?
8
Suppose 3*j - o - 466 = j, 3*j - 5*o = 692. Let s = j - 17. What is the units digit of s?
7
Suppose -t - r + 433 = 0, -866 = -3*t + t + 5*r. What is the tens digit of t?
3
Suppose -b = a, 2*b + 15 = -b. Suppose -t + a*o = -156 + 35, -674 = -5*t + 2*o. What is the units digit of t?
6
Let t(p) be the first derivative of p**4/4 + p**3/3 - 3*p**2/2 + 2*p + 33. Let b be (-16)/(-9) + (-4)/(-18). What is the units digit of t(b)?
8
Let q be 1*(-4)/8*0. Suppose q = 3*f + 5*w + 14, -w = -f + 3*f. Suppose 3*v - f*r = 105, 171 = 4*v - 5*r + 24. What is the tens digit of v?
3
Let u = 43 - 8. Let m = 13 - u. What is the tens digit of 2/11 - 304/m?
1
Let q(g) = g**2 - 11*g + 51. What is the units digit of q(18)?
7
What is the hundreds digit of ((-15)/(-9))/((-9)/(-1053))?
1
Suppose -4*u - 12 = 0, 57 = 4*d - d - 3*u. Suppose -76 = 2*o + d. What is the units digit of (-12)/(-9) - o/6?
9
Let t be 2/(2/2 + 1). Suppose 2*k = -t + 5. Suppose 4*r + f - 65 = 0, k*f = 2*r - 15 - 15. What is the units digit of r?
6
Let i be (-152)/(-36) - (4/(-9))/(-2). Let b(z) = -2 - 1 + 2*z**2 - 5*z + 0. What is the units digit of b(i)?
9
Let f be (-3)/(-12) + 1/(-4). Suppose -j = -f*j - 5. Let w = 8 - j. What is the units digit of w?
3
Let p(x) = 6*x + 16*x**2 - 29*x**2 + 15*x**2 - 11. Let w be p(-10). Suppose 0 = -3*z + 4*n + w, -n = -4*z + 82 + 77. What is the tens digit of z?
3
Let f(o) = 3*o + 6. Let g be f(-4). Let u(r) = 5*r**2 + 3*r + 20. Let y(s) = -11*s**2 - 6*s - 43. Let v(m) = -13*u(m) - 6*y(m). What is the units digit of v(g)?
2
Let z = -22 + -21. What is the units digit of z/(-1) + 8/8?
4
Let n = -815 - -1782. What is the hundreds digit of n?
9
Let f be (25/2)/((-7)/(-3248)*8). Suppose 4*o - 968 = 5*g, -3*o + 5*g - g = -f. What is the hundreds digit of o?
2
Suppose 2*j + 51 - 17 = a, 0 = j + 2. Let g be 4/10 + 254/(-10). Let w = g + a. What is the units digit of w?
5
Let u = -79 - -153. What is the units digit of u?
4
What is the units digit of 11 + (3 + -11 - -4)?
7
Suppose 0 = -4*d - 2*d + 618. Suppose 0 = -9*x + d + 257. What is the units digit of x?
0
What is the thousands digit of (-1)/9 + (18272/18 - -5)?
1
Let q be ((-1)/1)/(3/(-144)). Let s = 160 - q. What is the hundreds digit of s?
1
Suppose -6*w - 276 = -4*w. Let t = -67 - w. What is the units digit of t?
1
Suppose 0 = -4*o + r + 16, 2*o + 0*r = -5*r - 14. Suppose y + 3*m = 6*m + 43, y - 61 = -o*m. What is the units digit of y?
2
Suppose 6*f - f + 3*m - 58 = 0, 3*m + 82 = 5*f. Let s be f/6 - 5/15. Suppose -s*p = -3*p + 13. What is the tens digit of p?
1
Suppose x + 5*i = 66 + 52, -4*i = 16. What is the units digit of x?
8
Let a(u) = 208*u**2 + 5*u + 5. What is the tens digit of a(-2)?
2
Let p(h) = -2*h**2 - 6*h - 2*h**2 - h**2 + 2*h**3 - 3*h**3 + 16. What is the tens digit of p(-6)?
8
Suppose 0 = -5*z + o + 18, o = -2*z + 3*o + 4. Suppose -n = 5*b - 0*n + 2, -b - 2*n - z = 0. Let y = 32 + b. What is the tens digit of y?
3
Suppose -4*d + 3*p + 14 = 6, 0 = -p. Let q be (-2)/5 + 63/(-5). Let w = d - q. What is the tens digit of w?
1
What is the units digit of 0 + (479 - (-9 + 0))?
8
Let b = 72 + 176. What is the units digit of b?
8
Let s(n) = n**3 + 39*n**2 - 13*n - 43. What 